ded by 166.
163
Suppose 5 = b, 2*i - i - 5*b = -25. Suppose 5*j = -f + 22, i = 4*j - 0*j + 5*f - 5. What is the remainder when j is divided by ((-6)/(-9))/(2/6)?
1
Let v = -11858 + 11969. What is the remainder when 234 is divided by v?
12
What is the remainder when 2298 is divided by (-6)/12*45*1568/(-168)?
198
Let r = 56 + -57. Let f(v) = -v**2 - v. Let m(c) = -23*c**2 - 3*c + 1. Let a(y) = 2*f(y) - m(y). Calculate the remainder when 50 is divided by a(r).
12
Suppose 14*i - 660 - 152 = 0. Suppose -6*s + 322 - i = 0. Calculate the remainder when 128 is divided by s.
40
Suppose -5*a - 6*d = -2*d - 7, -8 = -4*a - 2*d. Suppose -5*m + m = -a*m. Suppose 36 + m = 2*s. Calculate the remainder when s is divided by 3.
0
What is the remainder when (-2)/11 + 34488/198 is divided by (-4)/18 - (-120)/(-162)*-30?
20
Suppose -3 = -w + 11. Suppose 2*m = w - 4. Suppose -5*v = 2*s - 41, -2 = -s + 2*v + 23. Calculate the remainder when s is divided by m.
3
Let x = -351 + 75. Let z = x + 278. What is the remainder when (1/(-1))/(2/(-12)) is divided by z?
0
Suppose 5*h - 107 = -3*a, -9 + 2 = -h + 3*a. Suppose 11*b - 196 = 7*b. What is the remainder when b is divided by h?
11
Suppose 175 = 5*u - 4*g, 39*u = 44*u + 4*g - 175. Calculate the remainder when 565 is divided by u.
5
Let s(d) = -2*d. Suppose -g = -n + 7, 0 = -g - 3*g - 4. Suppose 13 = 5*h - n*h. What is the remainder when 179 is divided by s(h)?
23
Suppose n - 4*n + 8 = -2*s, -s = -4*n + 9. Suppose 3*a = n*z - z + 2, 0 = 3*z + 2*a - 16. What is the remainder when ((-4)/(-6))/(2/45) is divided by z?
3
Let b(x) = 2*x**3 + 187*x**2 - 91*x + 519. Calculate the remainder when b(-94) is divided by 72.
21
Suppose -13741 = -5*f + x - 3541, -2*f - 4*x + 4058 = 0. What is the remainder when f is divided by 60?
59
Calculate the remainder when 305 is divided by 164/(-246)*(-81)/(0 + 1).
35
Let v(b) = -b**2 + 16*b - 21. Let p be v(8). Suppose 0 = 3*a - 3*x - 66, x - 11 - p = -3*a. Calculate the remainder when 70 is divided by a.
13
Suppose 4*n = 12, -756*n + 758*n + 330 = 3*x. Calculate the remainder when 388 is divided by x.
52
Let z = -523 + 603. Suppose z + 46 = 21*j. Suppose 77 = 2*x - 0*p - 3*p, -x - 5*p = -45. Calculate the remainder when x is divided by j.
4
Let j(r) = -2*r - 11. Let v be (-90)/(-21) + (-30)/105. Let c(g) = -g**2 - 2*g + 36. What is the remainder when c(v) is divided by j(-9)?
5
Let l(x) = -x**3 + 26*x**2 - 146*x + 39. Calculate the remainder when 14240 is divided by l(12).
302
Let m = 2946 - 2183. Calculate the remainder when m is divided by 17.
15
Let r be -1*(24/4 + -2). Let x be r/(-10) - (-1 - 174/15). Suppose -1 + x = 2*u. Calculate the remainder when 32 is divided by u.
2
Let x be (8/3)/(-6 + (-40)/(-6)). Suppose 0 = -2*i - i + x*h + 36, -2*i - 4*h + 24 = 0. Calculate the remainder when 25 is divided by (i/(-18))/(2/(-27)).
7
Suppose 27506 = 491*l - 224*l - 233*l. What is the remainder when l is divided by 58?
55
Let s(t) = 20*t - 71. Let j be s(4). Suppose -q = -2*b + 24, 4*q - 58 = -j*b + 6*b. What is the remainder when 349 is divided by b?
13
Calculate the remainder when 835 is divided by 67/((-67)/12) + 170.
45
Suppose -3*q - 4*v = -946, 15*v - 16*v = 4*q - 1270. Let r = 350 - q. What is the remainder when 95 is divided by r?
31
Let d(m) be the first derivative of -5*m**4/2 - 4*m**3/3 - m**2 + 4*m + 136. Calculate the remainder when d(-2) is divided by 16.
8
Suppose 5*m + 1340 = 5*d, -3*d + 1246 - 470 = 4*m. Calculate the remainder when d is divided by 55.
44
Suppose 6*l + x - 35 = 9*l, l - x = -13. Calculate the remainder when 33 is divided by (l/(-55))/(3/75 + 0).
3
Let w(s) = -95*s + 1609. What is the remainder when (6/(-4))/(6/(-708)) is divided by w(16)?
88
Suppose 0 = 4*s + 20, -19*r + 24*r - 390 = -s. Calculate the remainder when 393 is divided by r.
77
Let j(k) = -k**3 - 51*k**2 + 76*k + 203. What is the remainder when j(-53) is divided by 13?
12
Let s = -381 - -356. Let b(r) = -3*r**2 - 76*r + 3. What is the remainder when 84 is divided by b(s)?
0
Let y(a) = 2*a**2 - 2*a - 6. Let i(f) = -789*f - 29179. Calculate the remainder when y(6) is divided by i(-37).
12
Let s(o) = 6*o**2 - 78*o + 946. Calculate the remainder when s(12) is divided by 72.
10
Let r be (-6)/(-1)*2/(11 - 7). Suppose 33 = 5*o - 3*m, -r*m - m = 3*o - 14. What is the remainder when 8 is divided by o?
2
Let q = 231 - 232. Calculate the remainder when ((-42)/(-8))/(q - 11/(-8)) is divided by 5.
4
Let g(m) = 93*m**3 + 20*m**2 - 37*m - 7. Calculate the remainder when g(2) is divided by 15.
8
What is the remainder when 1976 is divided by ((-55)/(-25))/((-15)/(-900))?
128
Calculate the remainder when 341 is divided by 24/56 - 7/(392/(-3168)).
56
Let j be (-4604)/(-9) + (-72)/(-162). Let v = -388 + j. What is the remainder when v is divided by 18?
16
Let p(x) = -20*x - 20. Let d(a) = -a**2 - 9*a - 9. Let r be d(-9). Let k be p(r). Suppose -4*b + k = b. Calculate the remainder when b is divided by 12.
8
What is the remainder when 388 is divided by -241 + 249 + 1 + 86?
8
Let g = 282 + -226. Let i = 268 - 63. What is the remainder when i is divided by g?
37
Let n = 20 + 37. What is the remainder when n is divided by 40?
17
Suppose 4*c = f + 160, -160 = -2*f + 3*f + 3*c. Calculate the remainder when 57 is divided by (11/4)/((-20)/f) - 5.
6
Let x(l) = -l**3 + l**2 + 42*l + 619. What is the remainder when x(-12) is divided by 17?
15
What is the remainder when (6/27*3)/(10/50685) is divided by 154?
145
Let i(h) = h**3 - 2*h**2 - 3*h + 2. Let g be i(3). Let p(b) = 7 + 0 - g*b + 9. Calculate the remainder when 46 is divided by p(-4).
22
Let g(c) = -597*c + 5978. What is the remainder when g(6) is divided by 2385?
11
Suppose -h - 4*q = -60, -q = 2*h - 3*q - 70. Calculate the remainder when (60/h)/((-3)/(-28)) is divided by 42/6 + (2 - 2).
0
Let f(x) = 13*x**2 - 12*x + 4. What is the remainder when 139 is divided by f(1)?
4
Suppose -9 = 2*c - c - 5*b, -3*c = b - 5. Let y be 0 + (3 - 0/c). Suppose 872 = -y*q + 11*q. Calculate the remainder when q is divided by 10.
9
Let y(c) be the third derivative of -c**6/120 + 3*c**5/20 - c**4/24 - 2*c**3 - 5*c**2 + c. Calculate the remainder when y(7) is divided by 21.
16
Suppose 0 = 3*k + 5*l - 2988 + 24, 2*k + l = 1990. Calculate the remainder when k is divided by 92.
78
Let d be (-2)/19 - 578219/1159. Let z = d + 608. Calculate the remainder when z is divided by 56.
53
Let w(m) = 12*m - 33. Let t be w(4). Suppose -263 = t*u - 1088. Calculate the remainder when u is divided by 24.
7
Suppose -5*c - 9 = 4*g, 6*c + 29 = g + c. Suppose -5*t + 3*f + 57 = 0, -5*t + t = g*f - 52. What is the remainder when 2/(((-2)/(-24))/(66/99)) is divided by t?
4
What is the remainder when (117 - 2/2)/(22*42/2079) is divided by -7*(2 + 26/(-7))?
9
Let k = 19387 - 18778. Calculate the remainder when k is divided by 86.
7
Let m = -990 + 660. Let k = -311 - m. What is the remainder when 683 is divided by k?
18
Suppose -31*w + 13*w + 1957 + 365 = 0. Calculate the remainder when 461 is divided by w.
74
Suppose -5*n - 66 + 100 + 286 = 0. Calculate the remainder when 466 is divided by n.
18
Suppose -1108*u = -1116*u - 8. Calculate the remainder when 53 is divided by (-2 - u)/(15/(-435)).
24
Suppose -4*d + 19 = 5*a, 4*d = -4*a + 5 + 11. Suppose 5*u = 3*w + 657, 9*u - a*w + 633 = 14*u. What is the remainder when u is divided by 11?
8
Let i(t) = t**2 + 272*t - 3035. Calculate the remainder when 465 is divided by i(11).
75
Let m(i) = 6*i**3 + 4*i - 9. Suppose 4*w - 147 = -5*t, 2*w = 6*w - 2*t - 182. Calculate the remainder when m(3) is divided by w.
36
Let v(b) be the third derivative of 7/30*b**5 + 5/12*b**4 + 0*b + 2 - 7/6*b**3 - 4*b**2. What is the remainder when v(-4) is divided by 45?
42
Suppose 672*k = 627*k + 135. What is the remainder when 610 is divided by k?
1
Let j(r) = -149*r + 579. Let l be j(7). Let i = 514 + l. What is the remainder when i is divided by 7?
1
Let n(z) = -2*z**2 + 16*z - 92. Let o be n(13). Let p = o + 230. What is the remainder when 79 is divided by p?
7
Let h be 42 - 42 - 106/4*-2. Suppose 0 = -2*g + 2*n + h + 33, -2*g + 87 = -3*n. Calculate the remainder when 97 is divided by g.
13
What is the remainder when 18/(-33) - (-127995)/583 is divided by 80?
59
Let t(k) = 4*k + 7. Let o be (